{"id":175,"date":"2019-03-26T20:30:56","date_gmt":"2019-03-26T19:30:56","guid":{"rendered":"http:\/\/moroccoroads.com\/?page_id=175"},"modified":"2019-05-26T18:43:27","modified_gmt":"2019-05-26T17:43:27","slug":"en-la-montana-de-siroua","status":"publish","type":"page","link":"https:\/\/moroccoroads.com\/?page_id=175","title":{"rendered":"En la monta\u00f1a del Jbel Siroua"},"content":{"rendered":"\n<ul class=\"wp-block-gallery aligncenter columns-2 is-cropped wp-block-gallery-1 is-layout-flex wp-block-gallery-is-layout-flex\"><li class=\"blocks-gallery-item\"><figure><img loading=\"lazy\" decoding=\"async\" width=\"449\" height=\"330\" src=\"https:\/\/moroccoroads.com\/wp-content\/uploads\/2019\/03\/60.jpg\" alt=\"\" data-id=\"176\" data-link=\"https:\/\/moroccoroads.com\/?attachment_id=176\" class=\"wp-image-176\" srcset=\"https:\/\/moroccoroads.com\/wp-content\/uploads\/2019\/03\/60.jpg 449w, https:\/\/moroccoroads.com\/wp-content\/uploads\/2019\/03\/60-300x220.jpg 300w\" sizes=\"auto, (max-width: 449px) 100vw, 449px\" \/><\/figure><\/li><li class=\"blocks-gallery-item\"><figure><img loading=\"lazy\" decoding=\"async\" width=\"600\" height=\"300\" src=\"https:\/\/moroccoroads.com\/wp-content\/uploads\/2019\/05\/tour-siroua-morocco.jpg\" alt=\"\" data-id=\"644\" data-link=\"https:\/\/moroccoroads.com\/?attachment_id=644\" class=\"wp-image-644\" srcset=\"https:\/\/moroccoroads.com\/wp-content\/uploads\/2019\/05\/tour-siroua-morocco.jpg 600w, https:\/\/moroccoroads.com\/wp-content\/uploads\/2019\/05\/tour-siroua-morocco-300x150.jpg 300w\" sizes=\"auto, (max-width: 600px) 100vw, 600px\" \/><\/figure><\/li><\/ul>\n\n\n\n<figure class=\"wp-block-image\"><img loading=\"lazy\" decoding=\"async\" width=\"810\" height=\"550\" src=\"https:\/\/moroccoroads.com\/wp-content\/uploads\/2019\/05\/siroua-piano-1-2.jpg\" alt=\"\" class=\"wp-image-646\" srcset=\"https:\/\/moroccoroads.com\/wp-content\/uploads\/2019\/05\/siroua-piano-1-2.jpg 810w, https:\/\/moroccoroads.com\/wp-content\/uploads\/2019\/05\/siroua-piano-1-2-300x204.jpg 300w, https:\/\/moroccoroads.com\/wp-content\/uploads\/2019\/05\/siroua-piano-1-2-768x521.jpg 768w\" sizes=\"auto, (max-width: 810px) 100vw, 810px\" \/><figcaption>El \u00abpiano\u00bb de Siroua<\/figcaption><\/figure>\n\n\n\n<p><strong>Siroua,<\/strong> el <em><strong>volcan del anti-Atlas<\/strong><\/em> ,es un macizo de origen volc\u00e1nico con picos de pudinga. <\/p>\n\n\n\n<p>Est\u00e1 situado entre el Alto Atlas occidental (Toubkal) y el<strong> Sahara<\/strong>, donde viven las tribus de A\u00eft Ouawzgite que siguen practicando el nomadismo. <\/p>\n\n\n\n<p>Paisajes en l\u00ednea de mesetas, picos agudos, ca\u00f1ones dignos del desierto el oeste americano, pocos pueblos rodeados de nogales, granados, higueras\u2026 y el cultivo del rey de las especias <strong>\u00abel azafr\u00e1n\u00bb.<\/strong> Un mundo secreto y preservado a descubrir.  Por su relieve de origen volc\u00e1nico y su posici\u00f3n geogr\u00e1fica entre el Alto Atlas y el desierto, el Siroua posee una variedad de paisajes \u00fanica en Marruecos. Gargantas, picos, valles, mesetas y laderas de color ocre ofrecen al caminante un excepcional territorio para descubrimientos y encuentros con una vida tradicional construida alrededor del cultivo del azafr\u00e1n. <\/p>\n\n\n\n<p><strong>TEMPORADA:<\/strong> Desde octubre a principio de mayo. En primavera los campos de azafr\u00e1n se hallan en flor, aunque en oto\u00f1o la gama de colores que se nos ofrece es muy importante <\/p>\n\n\n\n<p><strong>DURACI\u00d3N:<\/strong> 8 d\u00edas<\/p>\n\n\n\n<p><strong>NIVEL:<\/strong>&nbsp;Medio<\/p>\n\n\n\n<p><strong>Horas aproximadas<br>de camino:<\/strong>&nbsp;5 a 6 diarias<\/p>\n\n\n\n<p><strong>Transporte:<\/strong>\u00a0mulas para el material y mulas con silla de montar para los ni\u00f1os<\/p>\n\n\n\n<p><strong>Para m\u00e1s informaci\u00f3n, cons\u00faltanos.<\/strong><\/p>\n","protected":false},"excerpt":{"rendered":"<p>Siroua, el volcan del anti-Atlas ,es un macizo de origen volc\u00e1nico con picos de pudinga. Est\u00e1 situado entre el Alto Atlas occidental (Toubkal) y el Sahara, donde viven las tribus de A\u00eft Ouawzgite que siguen practicando el nomadismo. Paisajes en l\u00ednea de mesetas, picos agudos, ca\u00f1ones dignos del desierto el oeste americano, pocos pueblos rodeados [&hellip;]<\/p>\n","protected":false},"author":1,"featured_media":0,"parent":0,"menu_order":0,"comment_status":"closed","ping_status":"closed","template":"","meta":{"footnotes":""},"class_list":["post-175","page","type-page","status-publish","hentry"],"_links":{"self":[{"href":"https:\/\/moroccoroads.com\/index.php?rest_route=\/wp\/v2\/pages\/175","targetHints":{"allow":["GET"]}}],"collection":[{"href":"https:\/\/moroccoroads.com\/index.php?rest_route=\/wp\/v2\/pages"}],"about":[{"href":"https:\/\/moroccoroads.com\/index.php?rest_route=\/wp\/v2\/types\/page"}],"author":[{"embeddable":true,"href":"https:\/\/moroccoroads.com\/index.php?rest_route=\/wp\/v2\/users\/1"}],"replies":[{"embeddable":true,"href":"https:\/\/moroccoroads.com\/index.php?rest_route=%2Fwp%2Fv2%2Fcomments&post=175"}],"version-history":[{"count":8,"href":"https:\/\/moroccoroads.com\/index.php?rest_route=\/wp\/v2\/pages\/175\/revisions"}],"predecessor-version":[{"id":787,"href":"https:\/\/moroccoroads.com\/index.php?rest_route=\/wp\/v2\/pages\/175\/revisions\/787"}],"wp:attachment":[{"href":"https:\/\/moroccoroads.com\/index.php?rest_route=%2Fwp%2Fv2%2Fmedia&parent=175"}],"curies":[{"name":"wp","href":"https:\/\/api.w.org\/{rel}","templated":true}]}}