{"id":195,"date":"2019-03-26T20:35:46","date_gmt":"2019-03-26T19:35:46","guid":{"rendered":"http:\/\/moroccoroads.com\/?page_id=195"},"modified":"2019-05-26T19:17:58","modified_gmt":"2019-05-26T18:17:58","slug":"marrakech-nkob-merzouga","status":"publish","type":"page","link":"https:\/\/moroccoroads.com\/?page_id=195","title":{"rendered":"Marrakech &#8211; N\u2019kob \u2013 Merzouga"},"content":{"rendered":"\n<ul class=\"wp-block-gallery columns-1 is-cropped wp-block-gallery-1 is-layout-flex wp-block-gallery-is-layout-flex\"><li class=\"blocks-gallery-item\"><figure><img loading=\"lazy\" decoding=\"async\" width=\"500\" height=\"332\" src=\"https:\/\/moroccoroads.com\/wp-content\/uploads\/2019\/03\/65.jpg\" alt=\"\" data-id=\"196\" data-link=\"https:\/\/moroccoroads.com\/?attachment_id=196\" class=\"wp-image-196\" srcset=\"https:\/\/moroccoroads.com\/wp-content\/uploads\/2019\/03\/65.jpg 500w, https:\/\/moroccoroads.com\/wp-content\/uploads\/2019\/03\/65-300x199.jpg 300w\" sizes=\"auto, (max-width: 500px) 100vw, 500px\" \/><\/figure><\/li><\/ul>\n\n\n\n<p>Un itinerario id\u00f3neo para hacer una escapada al sur de Marruecos partiendo de Marrakech.  Vive una aventura \u00fanica por el desierto de Merzouga, atravesando  el palmeral y los valles de Todra, los oasis de Tazarine y Nkob, as\u00ed como el espectacular valle del Draa. Cena en las dunas, bajo las estrellas, y vive Marruecos como nunca antes. <\/p>\n\n\n\n<p>El punto culminante del viaje es la noche en en el desierto, entre las grandes dunas de Merzouga<\/p>\n\n\n\n<p><strong>TEMPORADA: <\/strong>octubre a mayo<\/p>\n\n\n\n<p><strong>DURACI\u00d3N: <\/strong>5 d\u00edas y 4 noches<\/p>\n\n\n\n<p><strong>GRUPOS:<\/strong> M\u00ednimo de 4 personas<\/p>\n\n\n\n<p><strong>Para m\u00e1s informaci\u00f3n,\ncons\u00faltanos.<\/strong><\/p>\n","protected":false},"excerpt":{"rendered":"<p>Un itinerario id\u00f3neo para hacer una escapada al sur de Marruecos partiendo de Marrakech. Vive una aventura \u00fanica por el desierto de Merzouga, atravesando el palmeral y los valles de Todra, los oasis de Tazarine y Nkob, as\u00ed como el espectacular valle del Draa. Cena en las dunas, bajo las estrellas, y vive Marruecos como [&hellip;]<\/p>\n","protected":false},"author":1,"featured_media":0,"parent":0,"menu_order":0,"comment_status":"closed","ping_status":"closed","template":"","meta":{"footnotes":""},"class_list":["post-195","page","type-page","status-publish","hentry"],"_links":{"self":[{"href":"https:\/\/moroccoroads.com\/index.php?rest_route=\/wp\/v2\/pages\/195","targetHints":{"allow":["GET"]}}],"collection":[{"href":"https:\/\/moroccoroads.com\/index.php?rest_route=\/wp\/v2\/pages"}],"about":[{"href":"https:\/\/moroccoroads.com\/index.php?rest_route=\/wp\/v2\/types\/page"}],"author":[{"embeddable":true,"href":"https:\/\/moroccoroads.com\/index.php?rest_route=\/wp\/v2\/users\/1"}],"replies":[{"embeddable":true,"href":"https:\/\/moroccoroads.com\/index.php?rest_route=%2Fwp%2Fv2%2Fcomments&post=195"}],"version-history":[{"count":5,"href":"https:\/\/moroccoroads.com\/index.php?rest_route=\/wp\/v2\/pages\/195\/revisions"}],"predecessor-version":[{"id":804,"href":"https:\/\/moroccoroads.com\/index.php?rest_route=\/wp\/v2\/pages\/195\/revisions\/804"}],"wp:attachment":[{"href":"https:\/\/moroccoroads.com\/index.php?rest_route=%2Fwp%2Fv2%2Fmedia&parent=195"}],"curies":[{"name":"wp","href":"https:\/\/api.w.org\/{rel}","templated":true}]}}