{"id":213,"date":"2019-03-26T20:39:22","date_gmt":"2019-03-26T19:39:22","guid":{"rendered":"http:\/\/moroccoroads.com\/?page_id=213"},"modified":"2019-05-26T16:08:31","modified_gmt":"2019-05-26T15:08:31","slug":"marrakech-valle-del-dades-valle-del-draa-dunas-de-erg-chegaga","status":"publish","type":"page","link":"https:\/\/moroccoroads.com\/?page_id=213","title":{"rendered":"Marrakech &#8211; Valle del Dades \u2013 Valle del Dr\u00e1a &#8211; Dunas de Erg Chegaga"},"content":{"rendered":"\n<div class=\"wp-block-image\"><figure class=\"aligncenter\"><img loading=\"lazy\" decoding=\"async\" width=\"550\" height=\"367\" src=\"https:\/\/moroccoroads.com\/wp-content\/uploads\/2019\/05\/valle-del-draa.jpg\" alt=\"\" class=\"wp-image-672\" srcset=\"https:\/\/moroccoroads.com\/wp-content\/uploads\/2019\/05\/valle-del-draa.jpg 550w, https:\/\/moroccoroads.com\/wp-content\/uploads\/2019\/05\/valle-del-draa-300x200.jpg 300w\" sizes=\"auto, (max-width: 550px) 100vw, 550px\" \/><\/figure><\/div>\n\n\n\n<p>Una aut\u00e9ntica aventura en la que tras nuestra noche en Ouarzazate \u2013 en el\nsegundo d\u00eda de viaje \u2013 recorremos los valles hasta llegar a las dunas de Erg\nChegaga haciendo acampada y pernoctando con los lugare\u00f1os. Un viaje inmersivo\ninolvidable. <\/p>\n\n\n\n<p><strong>TEMPORADA: <\/strong>octubre a mayo<\/p>\n\n\n\n<p><strong>DURACI\u00d3N: <\/strong>&nbsp;8\nd\u00edas y 7 noches<\/p>\n\n\n\n<p><strong>GRUPOS:\n<\/strong>M\u00ednimo de 4\npersonas<\/p>\n\n\n\n<p><strong>Para otras rutas, cons\u00faltanos.<\/strong><\/p>\n","protected":false},"excerpt":{"rendered":"<p>Una aut\u00e9ntica aventura en la que tras nuestra noche en Ouarzazate \u2013 en el segundo d\u00eda de viaje \u2013 recorremos los valles hasta llegar a las dunas de Erg Chegaga haciendo acampada y pernoctando con los lugare\u00f1os. Un viaje inmersivo inolvidable. TEMPORADA: octubre a mayo DURACI\u00d3N: &nbsp;8 d\u00edas y 7 noches GRUPOS: M\u00ednimo de 4 [&hellip;]<\/p>\n","protected":false},"author":1,"featured_media":0,"parent":0,"menu_order":0,"comment_status":"closed","ping_status":"closed","template":"","meta":{"footnotes":""},"class_list":["post-213","page","type-page","status-publish","hentry"],"_links":{"self":[{"href":"https:\/\/moroccoroads.com\/index.php?rest_route=\/wp\/v2\/pages\/213","targetHints":{"allow":["GET"]}}],"collection":[{"href":"https:\/\/moroccoroads.com\/index.php?rest_route=\/wp\/v2\/pages"}],"about":[{"href":"https:\/\/moroccoroads.com\/index.php?rest_route=\/wp\/v2\/types\/page"}],"author":[{"embeddable":true,"href":"https:\/\/moroccoroads.com\/index.php?rest_route=\/wp\/v2\/users\/1"}],"replies":[{"embeddable":true,"href":"https:\/\/moroccoroads.com\/index.php?rest_route=%2Fwp%2Fv2%2Fcomments&post=213"}],"version-history":[{"count":2,"href":"https:\/\/moroccoroads.com\/index.php?rest_route=\/wp\/v2\/pages\/213\/revisions"}],"predecessor-version":[{"id":673,"href":"https:\/\/moroccoroads.com\/index.php?rest_route=\/wp\/v2\/pages\/213\/revisions\/673"}],"wp:attachment":[{"href":"https:\/\/moroccoroads.com\/index.php?rest_route=%2Fwp%2Fv2%2Fmedia&parent=213"}],"curies":[{"name":"wp","href":"https:\/\/api.w.org\/{rel}","templated":true}]}}