{"id":234,"date":"2019-03-26T20:46:40","date_gmt":"2019-03-26T19:46:40","guid":{"rendered":"http:\/\/moroccoroads.com\/?page_id=234"},"modified":"2019-05-26T19:25:32","modified_gmt":"2019-05-26T18:25:32","slug":"marrakech-idoukalen","status":"publish","type":"page","link":"https:\/\/moroccoroads.com\/?page_id=234","title":{"rendered":"Marrakech \u2013 Idoukalen"},"content":{"rendered":"\n<ul class=\"wp-block-gallery columns-3 is-cropped wp-block-gallery-1 is-layout-flex wp-block-gallery-is-layout-flex\"><li class=\"blocks-gallery-item\"><figure><img loading=\"lazy\" decoding=\"async\" width=\"960\" height=\"960\" src=\"https:\/\/moroccoroads.com\/wp-content\/uploads\/2019\/03\/77.jpg\" alt=\"\" data-id=\"235\" data-link=\"https:\/\/moroccoroads.com\/?attachment_id=235\" class=\"wp-image-235\" srcset=\"https:\/\/moroccoroads.com\/wp-content\/uploads\/2019\/03\/77.jpg 960w, https:\/\/moroccoroads.com\/wp-content\/uploads\/2019\/03\/77-150x150.jpg 150w, https:\/\/moroccoroads.com\/wp-content\/uploads\/2019\/03\/77-300x300.jpg 300w, https:\/\/moroccoroads.com\/wp-content\/uploads\/2019\/03\/77-768x768.jpg 768w\" sizes=\"auto, (max-width: 960px) 100vw, 960px\" \/><\/figure><\/li><li class=\"blocks-gallery-item\"><figure><img loading=\"lazy\" decoding=\"async\" width=\"1000\" height=\"750\" src=\"https:\/\/moroccoroads.com\/wp-content\/uploads\/2019\/03\/78.jpg\" alt=\"\" data-id=\"236\" data-link=\"https:\/\/moroccoroads.com\/?attachment_id=236\" class=\"wp-image-236\" srcset=\"https:\/\/moroccoroads.com\/wp-content\/uploads\/2019\/03\/78.jpg 1000w, https:\/\/moroccoroads.com\/wp-content\/uploads\/2019\/03\/78-300x225.jpg 300w, https:\/\/moroccoroads.com\/wp-content\/uploads\/2019\/03\/78-768x576.jpg 768w, https:\/\/moroccoroads.com\/wp-content\/uploads\/2019\/03\/78-510x382.jpg 510w\" sizes=\"auto, (max-width: 1000px) 100vw, 1000px\" \/><\/figure><\/li><li class=\"blocks-gallery-item\"><figure><img loading=\"lazy\" decoding=\"async\" width=\"960\" height=\"576\" src=\"https:\/\/moroccoroads.com\/wp-content\/uploads\/2019\/03\/79.jpg\" alt=\"\" data-id=\"237\" data-link=\"https:\/\/moroccoroads.com\/?attachment_id=237\" class=\"wp-image-237\" srcset=\"https:\/\/moroccoroads.com\/wp-content\/uploads\/2019\/03\/79.jpg 960w, https:\/\/moroccoroads.com\/wp-content\/uploads\/2019\/03\/79-300x180.jpg 300w, https:\/\/moroccoroads.com\/wp-content\/uploads\/2019\/03\/79-768x461.jpg 768w\" sizes=\"auto, (max-width: 960px) 100vw, 960px\" \/><\/figure><\/li><\/ul>\n\n\n\n<p>Un circuito especialmente indicado para familias, en el que tras una noche en Marrakech ponemos rumbo a <strong>\u00abla vall\u00e8e heureuse\u00bb <\/strong>el  \u201cvalle de la felicidad\u201d.<\/p>\n\n\n\n<p>Tomando como base una<strong> casa rural amazigh<\/strong> en <strong>Idoukalen<\/strong>, un peque\u00f1o pueblo en pleno<strong> A\u00eft Bouguemez,<\/strong> durante 4 d\u00edas haremos excursiones <strong>\u00bb en estrella\u00bb <\/strong>a distancia suficiente para retornar a nuestra casa rural por la tarde. As\u00ed visitaremos, los pueblos de <strong>Timit<\/strong> y<strong> A\u00eft Im<\/strong>i, las gargantas de Arous, Aguerd Ouzrou con el ighrem de <strong>Sidi Moussa <\/strong>y las <strong>gargantas de Joro<\/strong>. <\/p>\n\n\n\n<p><strong>TEMPORADA: mayo a septiembre<\/strong><\/p>\n\n\n\n<p><strong>DURACI\u00d3N:&nbsp; 8 d\u00edas y 7 noches<\/strong><\/p>\n\n\n\n<p><strong>GRUPOS: M\u00ednimo de 4 personas<\/strong><\/p>\n\n\n\n<p><strong>Para m\u00e1s informaci\u00f3n,\ncons\u00faltanos.<\/strong><\/p>\n","protected":false},"excerpt":{"rendered":"<p>Un circuito especialmente indicado para familias, en el que tras una noche en Marrakech ponemos rumbo a \u00abla vall\u00e8e heureuse\u00bb el \u201cvalle de la felicidad\u201d. Tomando como base una casa rural amazigh en Idoukalen, un peque\u00f1o pueblo en pleno A\u00eft Bouguemez, durante 4 d\u00edas haremos excursiones \u00bb en estrella\u00bb a distancia suficiente para retornar a [&hellip;]<\/p>\n","protected":false},"author":1,"featured_media":0,"parent":0,"menu_order":0,"comment_status":"closed","ping_status":"closed","template":"","meta":{"footnotes":""},"class_list":["post-234","page","type-page","status-publish","hentry"],"_links":{"self":[{"href":"https:\/\/moroccoroads.com\/index.php?rest_route=\/wp\/v2\/pages\/234","targetHints":{"allow":["GET"]}}],"collection":[{"href":"https:\/\/moroccoroads.com\/index.php?rest_route=\/wp\/v2\/pages"}],"about":[{"href":"https:\/\/moroccoroads.com\/index.php?rest_route=\/wp\/v2\/types\/page"}],"author":[{"embeddable":true,"href":"https:\/\/moroccoroads.com\/index.php?rest_route=\/wp\/v2\/users\/1"}],"replies":[{"embeddable":true,"href":"https:\/\/moroccoroads.com\/index.php?rest_route=%2Fwp%2Fv2%2Fcomments&post=234"}],"version-history":[{"count":3,"href":"https:\/\/moroccoroads.com\/index.php?rest_route=\/wp\/v2\/pages\/234\/revisions"}],"predecessor-version":[{"id":808,"href":"https:\/\/moroccoroads.com\/index.php?rest_route=\/wp\/v2\/pages\/234\/revisions\/808"}],"wp:attachment":[{"href":"https:\/\/moroccoroads.com\/index.php?rest_route=%2Fwp%2Fv2%2Fmedia&parent=234"}],"curies":[{"name":"wp","href":"https:\/\/api.w.org\/{rel}","templated":true}]}}